 18*k - 76 = 0. Let j = 5 + -9. Let q = j - k. What is the greatest common divisor of q and 6?
3
Let d = 95 - 137. Let r be d/4*20/(-10). What is the greatest common factor of r and 63?
21
Suppose 5*h - s - 126 = 0, -5*h + 129 = 16*s - 20*s. Let b(o) = -26*o**3 - 2*o**2 + o + 2. Let g be b(-2). Calculate the highest common factor of g and h.
25
Let u = 1 + -15. Let x be (-2160)/(-14) - (-4)/u. Let b(f) = -3*f + 1. Let z be b(-7). Calculate the greatest common factor of x and z.
22
Suppose 56 = -5*j + j. Let c = j + 26. Let o = -9 + c. What is the greatest common factor of 3 and o?
3
Let o(b) = b + 3. Let t be o(6). Suppose -2*r + 83 + 65 = 4*m, 10 = 5*r. What is the highest common factor of t and m?
9
Suppose -4*u + 152 = 4*t, 3 = -2*u + t + 85. What is the highest common factor of 140 and u?
20
Let c(q) = 2*q**2 - 7*q - 24. Let n be c(9). What is the greatest common factor of n and 175?
25
Let j be 1/((-2)/(-4) - 660/1400). What is the greatest common factor of j and 21?
7
Let a be ((-41)/(-5))/(2/(70/7)). Calculate the highest common factor of 779 and a.
41
Let p(b) = b**2 + 2*b - 2. Let c be p(-5). Let m = -13 + 10. Let u be 1/((-40)/(-13) + m). Calculate the greatest common factor of c and u.
13
Let n = 782 + -780. Calculate the greatest common factor of n and 11.
1
Suppose 7*m + 0 - 63 = 0. Suppose 7*i = m*i - 6, 2*i - 582 = -4*w. Calculate the highest common factor of 18 and w.
18
Let p(u) = u**2 - 4*u - 94. Let k be p(12). What is the highest common factor of k and 46?
2
Suppose -18*a + 36 = -16*a. Calculate the highest common factor of a and 54.
18
Let r = -84 - -131. Suppose 5*m = r + 53. Calculate the highest common factor of 20 and m.
20
Let o(t) = t**2 + 3*t + 104. Let g be o(16). What is the greatest common factor of g and 60?
12
Let j = -103 + 223. Let l = j - 56. Calculate the highest common divisor of l and 96.
32
Suppose -2*m + 201 = -3*s + 480, 0 = -3*m. What is the highest common factor of s and 93?
93
Let h be (2/(-4))/((-12)/4440). Calculate the highest common factor of h and 5.
5
Suppose -b + 5*n = n + 77, -b + n = 65. Let z = b - -169. Let v be (-8)/44 + 402/33. Calculate the greatest common factor of v and z.
12
Let p = -32 + 36. Suppose 819 = p*n - 149. What is the greatest common divisor of 22 and n?
22
Let b be -1 + -2 + 0 + 4. Let l be (-2 + 1)/b*1. Let u be l - 288/(-3 + 1). Calculate the highest common divisor of u and 13.
13
Suppose 2*m - 4*x = -14, -7 = -2*m - 3*x - 0*x. Let n = 9 - m. What is the greatest common factor of n and 70?
10
Suppose -5*r + 13 = -4*m, 0*r - 2*r = 4*m + 6. Let s = -2 - -4. Suppose s*h + 29 = 37. Calculate the greatest common factor of h and r.
1
Let r(x) = 8*x**2 + 7*x + 15. Let d(s) = -7*s**2 - 8*s - 14. Let n(h) = 7*d(h) + 6*r(h). Let v be n(-11). Calculate the greatest common divisor of 75 and v.
25
Suppose -3*n - 1566 = -30*n. Calculate the highest common factor of n and 29.
29
Suppose 2*z - 148 = z. Calculate the highest common divisor of z and 111.
37
Let w = 1944 - 1355. Calculate the highest common factor of w and 19.
19
Suppose -3*n - 5*m = -26, n + 3*m = -11 + 17. Suppose -4*y = -2*c - 530, -4*y + 3*c = -6*y + 261. What is the highest common factor of y and n?
12
Suppose x + a - 27 - 32 = 0, -4*x + 3*a = -243. Suppose 3*l = 6*l - x. Calculate the highest common factor of l and 10.
10
Suppose 4*s = 4*w - 76, 2*w - s + 1 = 44. What is the greatest common divisor of w and 18?
6
Suppose 266 = -8*r + 1154. Let y(q) = -3*q + 13. Let c be y(-8). Calculate the highest common divisor of r and c.
37
Suppose o - 1010 - 820 = 0. Calculate the greatest common factor of 30 and o.
30
Let k = 579 - 620. Let d(j) = 3*j**2 - 4*j - 4. Let h be d(-4). Let o = k + h. What is the highest common factor of o and 95?
19
Suppose 10*k + 236 - 696 = 0. Calculate the greatest common divisor of 368 and k.
46
Let k(s) = 2*s**2 - s + 2. Suppose -8*o + 4*o = -8. Let y be k(o). Let v(f) = f + 2. Let n be v(6). Calculate the greatest common factor of y and n.
8
Let u(p) = 5*p - 3. Let o be u(3). Suppose t + t - 16 = -2*z, -t - 3*z + 10 = 0. Let n be (t/(-7))/((-2)/16). Calculate the greatest common divisor of o and n.
4
Let k(a) = -a**2 + 22*a - 45. Let o be k(3). What is the highest common factor of 204 and o?
12
Let x(k) = -k - 1. Let n(t) = t**3 + 18*t**2 + 3*t - 1. Let g(j) = -n(j) - 2*x(j). Let q be g(-18). Calculate the greatest common factor of q and 84.
21
Let t = 2297 - 2201. What is the greatest common divisor of 328 and t?
8
Let i = -1168 - -1217. Calculate the highest common factor of 1 and i.
1
Suppose -28*m + 24*m = -16. Suppose -2*l - m*g = -0*g - 4, 0 = 3*g + 12. Let s be 15/(-6)*(-32)/l. What is the greatest common factor of s and 1?
1
Suppose 413 = -b + 8*b. Suppose 3*i - 24 = -5*k + b, -8 = -2*k. Calculate the highest common divisor of 21 and i.
21
Suppose 0 = 5*q + 4*w - 136 - 9, 0 = -2*q + w + 45. What is the greatest common factor of 1175 and q?
25
Let r be (-1)/(-4) - (-174)/8. Let c be (r/(-33))/((-1)/135). Suppose -21 = -5*t + 2*b + 19, 5*t = -5*b + 75. What is the greatest common divisor of c and t?
10
Let m be (27/(-18))/((-6)/44). Suppose m*u = 6*u + 255. Calculate the highest common divisor of 17 and u.
17
Let z(j) = 4*j - 10. Let g = 4 + 3. Let m be z(g). Calculate the greatest common factor of m and 126.
18
Let q(z) = 118*z - 517. Let f be q(7). What is the highest common divisor of 103 and f?
103
Let m(k) = k**3 + 7*k**2 - 2. Let c be m(-7). Let g(f) = -7*f - 5. Let b be g(c). Calculate the highest common divisor of 9 and b.
9
Suppose 5*q - 141 = -21. Suppose p - 4 = 2. What is the highest common divisor of p and q?
6
Suppose -2*z + 3*g = 7*g - 20, 0 = g - 1. Calculate the greatest common divisor of z and 24.
8
Let g(u) = u**3 - 11*u - 12. Let a be g(6). What is the greatest common factor of 69 and a?
69
Let w(j) = j**3 + 13*j**2 - j + 31. Let b be w(-11). What is the highest common factor of b and 4?
4
Suppose 2*z + 3*o = 28, -z - 1 + 2 = -5*o. Let n(m) = -2 + 5*m**3 - 4*m**3 - 9 - 12*m**2 + 17*m. Let s be n(z). What is the highest common divisor of s and 11?
11
Let a(m) be the third derivative of -m**6/30 - m**4/24 - 3*m**2. Let u be a(-1). Suppose -80 = k - u*k. Calculate the greatest common factor of 8 and k.
4
Let s be 4 - 54/(-3) - 2. Let d be 3/18*s*27. Let u(n) = -n**3 - 2*n**2 - n - 2. Let j be u(-3). Calculate the highest common divisor of j and d.
10
Suppose 31*k = 5784 + 14893. What is the greatest common divisor of 23 and k?
23
Let u be (-10413)/(-21) - 36/42. Calculate the highest common factor of 45 and u.
45
Let u be (-624)/(-5) + (-2)/(-10). Suppose 5*j - u = -5*o + 145, o - 54 = 4*j. Let q = -21 + o. What is the highest common factor of 3 and q?
3
Let s be 250/(1*(-3)/(-66)*2). What is the greatest common divisor of s and 22?
22
Suppose -2*s + 232 = 4*b, 2*b - 3*b = 3*s - 58. Let d = b - 51. Calculate the greatest common factor of 112 and d.
7
Let y be 27 - (8 - (3 + 1)). Let s = y + -11. What is the highest common factor of s and 8?
4
Let b be 2*((-58)/(-4))/1. Let n = -19 + b. Suppose -5*q = -60 - n. Calculate the highest common divisor of q and 56.
14
Suppose 313 = 10*i - 407. What is the greatest common divisor of 9 and i?
9
Suppose -4*j - 4*s + 64 = 0, 4*j - 5*s - 82 = -3*s. What is the highest common divisor of j and 342?
19
Let m be 4/((1/(-28))/(-1)). Let y be 8/4*75/6. Let i = y + -9. What is the highest common factor of i and m?
16
Let n be ((-92)/(-8))/(21/420). Calculate the greatest common factor of n and 10.
10
Let g(o) = o**2 + 16*o + 14. Let w be g(-16). Suppose -2*n + 3*n = 126. Calculate the highest common factor of w and n.
14
Let a be -7 + 6 + (-1)/((-3)/360). Suppose 4*r - 13 = a. Calculate the greatest common divisor of 11 and r.
11
Let l(z) = z**3 + 19*z**2 - 4*z - 22. Let n be l(-19). Let h = n - 35. What is the highest common factor of h and 19?
19
Suppose -t + 4*t + 57 = 3*r, -r = 5*t - 1. What is the greatest common factor of r and 304?
16
Suppose 0*a - 4*a + 5*b = -375, 3*a = -b + 267. Let v = -89 + a. Calculate the greatest common factor of v and 21.
1
Suppose 3*y - 3 + 1 = -4*j, y = -j. Suppose -j*d - 4 = 0, -k - 4*d + 14 = -0*d. Calculate the highest common factor of k and 2.
2
Suppose 0 = 3*u + 51 + 201. Let r = u + 46. Let q